 16492?
4
What is the units digit of 969?
9
What is the thousands digit of 78407?
8
What is the thousands digit of 2649?
2
What is the hundreds digit of 1190?
1
What is the thousands digit of 1469?
1
What is the hundreds digit of 3639?
6
What is the tens digit of 341?
4
What is the hundreds digit of 7361?
3
What is the thousands digit of 6257?
6
What is the ten thousands digit of 95030?
9
What is the tens digit of 8471?
7
What is the hundreds digit of 165?
1
What is the thousands digit of 1575?
1
What is the thousands digit of 11648?
1
What is the hundreds digit of 3521?
5
What is the tens digit of 83104?
0
What is the thousands digit of 27151?
7
What is the hundreds digit of 622?
6
What is the hundreds digit of 34546?
5
What is the units digit of 36933?
3
What is the tens digit of 4014?
1
What is the units digit of 7469?
9
What is the units digit of 25?
5
What is the tens digit of 15089?
8
What is the thousands digit of 2047?
2
What is the units digit of 4951?
1
What is the tens digit of 27340?
4
What is the tens digit of 9359?
5
What is the ten thousands digit of 42748?
4
What is the units digit of 8390?
0
What is the thousands digit of 3556?
3
What is the tens digit of 921?
2
What is the hundreds digit of 57991?
9
What is the hundreds digit of 401?
4
What is the units digit of 645?
5
What is the units digit of 613?
3
What is the ten thousands digit of 18103?
1
What is the thousands digit of 3802?
3
What is the units digit of 9574?
4
What is the hundreds digit of 4173?
1
What is the hundreds digit of 454?
4
What is the hundreds digit of 287?
2
What is the tens digit of 543?
4
What is the hundreds digit of 9670?
6
What is the tens digit of 293?
9
What is the tens digit of 4272?
7
What is the ten thousands digit of 107399?
0
What is the tens digit of 6713?
1
What is the thousands digit of 85860?
5
What is the thousands digit of 21305?
1
What is the hundreds digit of 3331?
3
What is the tens digit of 23834?
3
What is the tens digit of 45926?
2
What is the tens digit of 2524?
2
What is the units digit of 1450?
0
What is the units digit of 53056?
6
What is the units digit of 172493?
3
What is the tens digit of 4075?
7
What is the units digit of 5586?
6
What is the tens digit of 3011?
1
What is the hundreds digit of 930?
9
What is the units digit of 98893?
3
What is the ten thousands digit of 10777?
1
What is the tens digit of 730?
3
What is the thousands digit of 2667?
2
What is the ten thousands digit of 16142?
1
What is the units digit of 8069?
9
What is the units digit of 5868?
8
What is the hundreds digit of 344?
3
What is the units digit of 84178?
8
What is the thousands digit of 26085?
6
What is the tens digit of 730?
3
What is the units digit of 855?
5
What is the tens digit of 22?
2
What is the thousands digit of 5171?
5
What is the units digit of 2237?
7
What is the tens digit of 329?
2
What is the units digit of 863?
3
What is the ten thousands digit of 11324?
1
What is the hundreds digit of 11674?
6
What is the units digit of 783?
3
What is the tens digit of 13745?
4
What is the units digit of 96336?
6
What is the units digit of 55191?
1
What is the units digit of 15844?
4
What is the hundreds digit of 7262?
2
What is the units digit of 6346?
6
What is the thousands digit of 6982?
6
What is the hundreds digit of 9767?
7
What is the hundreds digit of 34550?
5
What is the thousands digit of 42836?
2
What is the tens digit of 1356?
5
What is the hundreds digit of 4397?
3
What is the hundreds digit of 7094?
0
What is the hundreds digit of 2331?
3
What is the hundreds digit of 999?
9
What is the tens digit of 324?
2
What is the units digit of 472?
2
What is the ten thousands digit of 14088?
1
What is the tens digit of 4650?
5
What is the tens digit of 60060?
6
What is the thousands digit of 14786?
4
What is the tens digit of 1250?
5
What is the thousands digit of 16160?
6
What is the hundreds digit of 3616?
6
What is the thousands digit of 4513?
4
What is the thousands digit of 58598?
8
What is the tens digit of 1904?
0
What is the hundreds digit of 471?
4
What is the units digit of 2775?
5
What is the hundreds digit of 1592?
5
What is the ten thousands digit of 145521?
4
What is the units digit of 1892?
2
What is the hundreds digit of 5496?
4
What is the thousands digit of 86982?
6
What is the hundreds digit of 1143?
1
What is the ten thousands digit of 88924?
8
What is the tens digit of 975?
7
What is the hundreds digit of 25586?
5
What is the units digit of 1469?
9
What is the hundreds digit of 2286?
2
What is the tens digit of 30613?
1
What is the tens digit of 726?
2
What is the hundreds digit of 25922?
9
What is the thousands digit of 1782?
1
What is the hundreds digit of 65028?
0
What is the units digit of 909?
9
What is the units digit of 905?
5
What is the thousands digit of 23188?
3
What is the tens digit of 419?
1
What is the units digit of 43?
3
What is the tens digit of 39169?
6
What is the hundreds digit of 692?
6
What is the thousands digit of 13214?
3
What is the units digit of 160?
0
What is the hundreds digit of 38334?
3
What is the thousands digit of 14646?
4
What is the hundreds digit of 3215?
2
What is the thousands digit of 7829?
7
What is the units digit of 48891?
1
What is the hundreds digit of 1558?
5
What is the hundreds digit of 796?
7
What is the tens digit of 1657?
5
What is the tens digit of 362?
6
What is the tens digit of 48154?
5
What is the tens digit of 6990?
9
What is the tens digit of 935?
3
What is the tens digit of 2092?
9
What is the hundreds digit of 74129?
1
What is the units digit of 1630?
0
What is the thousands digit of 1079?
1
What is the units digit of 822?
2
What is the units digit of 2029?
9
What is the ten thousands digit of 71444?
7
What is the hundreds digit of 2552?
5
What is the tens digit of 542?
4
What is the units digit of 31672?
2
What is the tens digit of 1042?
4
What is the units digit of 816?
6
What is the hundreds digit of 7006?
0
What is the hundreds digit of 418?
4
What is the hundreds digit of 4650?
6
What is the tens digit of 45109?
0
What is the thousands digit of 12332?
2
What is the tens digit of 1605?
0
What is the tens digit of 2951?
5
What is the hundreds digit of 1809?
8
What is the units digit of 618?
8
What is the tens digit of 386?
8
What is the ten thousands digit of 12752?
1
What is the thousands digit of 2544?
2
What is the tens digit of 3324?
2
What is the thousands digit of 7623?
7
What is the thousands digit of 7670?
7
What is the hundreds digit of 8189?
1
What is the thousands digit of 19553?
9
What is the ten thousands digit of 10617?
1
What is the thousands digit of 1048?
1
What is the hundreds digit of 12002?
0
What is the units digit of 65278?
8
What is the tens digit of 6355?
5
What is the tens digit of 301?
0
What is the tens digit of 186705?
0
What is the tens digit of 364?
6
What is the tens digit of 874?
7
What is the units digit of 3146?
6
What is the ten thousands digit of 77892?
7
What is the thousands digit of 2907?
2
What is the hundreds digit of 2148?
1
What is the units digit of 21473?
3
What is the thousands digit of 1136?
1
What is the units digit of 43285?
5
What is the thousands digit of 13889?
3
What is the tens digit of 2095?
9
What is the units digit of 15052?
2
What is the units digit of 8612?
2
What is the units digit of 2305?
5
What is the hundreds digit of 4939?
9
What is the units digit of 2546?
6
What is the ten thousands digit of 14507?
1
What is the hundreds digit of 23684?
6
What is the hundreds digit of 30562?
5
What is the units digit of 60542?
2
What is the units digit of 24935?
5
What is the thousands digit of 30966?
0
What is the tens digit of 2118?
1
What is the thousands digit of 13202?
3
What is the tens digit of 194?
9
What is the thousands digit of 3256?
3
What is the units digit of 473?
3
What is the units digit of 566?
6
What is the thousands digit of 10261?
0
What is the ten thousands digit of 27685?
2
What is the tens digit of 542?
4
What is the thousands digit of 15205?
5
What is the tens digit of 7110?
1
What is the thousands digit of 2245?
2
What is the units digit of 11241?
1
What is the units digit of 2030?
0
What is the ten thousands digit of 39552?
3
What is the tens digit of 2965?
6
What is the tens d